ors of p.
2, 3
Let g(h) be the first derivative of h**4/4 - 14*h**3/3 - 4*h**2 + 16*h - 2. What are the prime factors of g(15)?
11
Let j = 2144 + -982. What are the prime factors of j?
2, 7, 83
Suppose 0 = -4*k - 3*v + 1559, -2*k = 2*v - 657 - 125. List the prime factors of k.
2, 193
What are the prime factors of 852/(-9)*54/(-24)?
3, 71
Let l(f) = -2*f + 2*f**2 - 2 + 7*f**2 + 7*f**2 - 2*f**3 - 12*f**2. List the prime factors of l(-3).
2, 47
Suppose 9*q - 9668 = 979. What are the prime factors of q?
7, 13
Suppose 31800 = 19*m + 11*m. What are the prime factors of m?
2, 5, 53
Let u = -35 + 36. List the prime factors of (-3 + (-477)/(-6))/(u/2).
3, 17
Suppose 271 = -2*y + 3119. List the prime factors of y.
2, 89
Let z = 37 + -29. Let x(u) = 22*u - 22. Let s be x(z). Suppose -3*b - s = -5*b. List the prime factors of b.
7, 11
Let l(d) be the second derivative of -d**5/20 - d**4/12 + d**3/3 - 3*d**2 - 6*d. List the prime factors of l(-3).
2, 3
Suppose -1272 = -2*n + 4*s, 5*n - 1684 - 1496 = -4*s. List the prime factors of n.
2, 3, 53
Suppose -2*q + 631 + 3669 = 5*n, 5*q = -2*n + 1699. What are the prime factors of n?
2, 431
Let j = 235 - 225. List the prime factors of j.
2, 5
Let y = 1017 - 411. Suppose -2*r - 22 = -y. List the prime factors of r.
2, 73
Let v = -1956 + 2038. What are the prime factors of v?
2, 41
Let d(a) = -a**3 + 2*a**2 + 3*a + 1. Let j = -20 + 16. What are the prime factors of d(j)?
5, 17
Let p = -27 + 31. Let i(t) = -t**3 + 7*t**2 - 2*t - 3. What are the prime factors of i(p)?
37
Let p = 19 + 129. Let i = 329 - p. List the prime factors of i.
181
Suppose 941 = -4*d + 8853. List the prime factors of d.
2, 23, 43
What are the prime factors of 1/((174/26340)/29)?
2, 5, 439
Let z(a) = -29*a**3 + 8*a**2 + 31*a - 7. What are the prime factors of z(-5)?
3, 11, 37
Let q = 226 - -1190. What are the prime factors of q?
2, 3, 59
Let a(n) = -4*n**3. Let z be a(-1). Suppose 0*o = z*o - 156. Let q = -14 + o. What are the prime factors of q?
5
Suppose -13851 = -20*d + 7669. What are the prime factors of d?
2, 269
Let o(w) = w**3 - 27*w**2 - 56*w + 68. List the prime factors of o(30).
2, 17
Let q(p) = 2*p**3 + 5*p**2 - 5*p - 7. Let o be q(-3). Let g(n) = -6*n**3 - 2*n + 5*n**3 + 1 - 34*n**3 - 3. What are the prime factors of g(o)?
5, 7
Let p be ((-18)/(-4))/(9/24). Suppose l - 4*t = p, 0*l - l = -2*t - 6. Let y(a) = a + 7. What are the prime factors of y(l)?
7
Let y(b) = 749*b - 7. What are the prime factors of y(1)?
2, 7, 53
Suppose -22 = -5*y - 62. Let f be 15 - 0*2/y. Suppose 4*g + f - 323 = 0. List the prime factors of g.
7, 11
Let i be ((-1)/(-3))/(9/81). Suppose i*u = 482 - 26. Suppose 5*w - 2*j - 7 = u, -3*w = -3*j - 90. What are the prime factors of w?
3, 11
Suppose 22*t = 19*t - 150. Let v = -22 - t. Suppose -4*f = -76 + v. What are the prime factors of f?
2, 3
Let s(q) = -q**3 + 9*q**2 + 2*q - 8. Let h be s(9). Let t be ((-15)/h)/(9/(-48)). Let z = t - -5. List the prime factors of z.
13
Let a = 12 + -6. Suppose -u + i + 29 = 0, a*u - 154 = u + 2*i. List the prime factors of u.
2
Let z = 19 - 10. Suppose 3*j + z = 0, j = 5*k - 140 - 573. List the prime factors of k.
2, 71
Suppose f + 3 = 2*g, 2*g - 3*g + 3*f + 9 = 0. Suppose g = -0*s - s + 50. What are the prime factors of s?
2, 5
Let n be (1/2)/((-2)/(19*8)). Let f = n - -44. List the prime factors of f.
2, 3
Suppose 329 = 6*q - 103. Suppose -m = -5*s + 16, -2*m = -m + 4*s - 2. Let k = m + q. What are the prime factors of k?
2, 3, 11
Suppose -38193 + 13428 = -13*q. What are the prime factors of q?
3, 5, 127
Suppose 2*q + 2*q = 1888. Let t = q - 238. What are the prime factors of -3 - (3 - t/3)?
2, 3
Let x(z) = 2*z**2 + 2. Let t be x(1). Suppose -3*i - 3*d + 17 = -2*i, -5*d = -t*i + 85. List the prime factors of i.
2, 5
Let u(x) = -3*x**2 - 5. Let n be u(3). Let k = 9 + n. Let v = k - -63. List the prime factors of v.
2, 5
Let t(d) = -d - 9. Let m be t(-9). Suppose m = 3*c + 3*s - 11 - 10, -19 = -5*c - s. Let v(g) = 10*g**2 - 6*g + 6. List the prime factors of v(c).
2, 3, 13
Suppose 0 = -2*u + 4*b + 68, -4*b = 5*u - 0*b - 100. Let x be ((-81)/12)/(-3)*u. List the prime factors of (-7)/(-35) + x/5.
11
Let g(m) = 3*m - 1 + 6*m - 1 - 21. List the prime factors of g(4).
13
Suppose -r - 4*r - 577 = -4*k, 0 = 4*k + r - 571. What are the prime factors of k?
11, 13
Suppose 2505 + 5190 = 5*o. List the prime factors of o.
3, 19
Suppose 4806 = 5*t - 669. List the prime factors of t.
3, 5, 73
Let w be ((-2)/(-4))/(1/4). Suppose 10 = -w*z + 54. Let x = z + -1. List the prime factors of x.
3, 7
Suppose -4*d = -2*d - 10. Suppose -206 = -d*c + 54. List the prime factors of c.
2, 13
Suppose 3 = -4*b - m + 239, -b - 3*m = -70. List the prime factors of b.
2, 29
Suppose 11*r - 6 = -17. List the prime factors of 16/10 + r - 1347/(-5).
2, 3, 5
Suppose 0 = -38*k + 28*k + 12060. List the prime factors of k.
2, 3, 67
Suppose 7*j - 4*j - 66 = 0. Suppose 0 = -2*c + p + 7, 4*p = -2*c - 0*p + j. Suppose -2*v + 33 = -c*k - 14, -4*v + 24 = 4*k. What are the prime factors of v?
11
What are the prime factors of 111/(-2)*92/(-6)?
23, 37
Suppose 0 = -3*y - 2*r + 456, -3*y - y = -2*r - 594. Suppose -5*d = -0*d - y. Suppose 5*h - d = 75. What are the prime factors of h?
3, 7
Suppose 14 = 2*o - 2*l, -3*l = -2 - 1. Suppose -o*w = -146 - 14. What are the prime factors of w?
2, 5
Suppose 0 = 71*y - 25*y - 19182. List the prime factors of y.
3, 139
Let b(r) = 9*r**2 - 9*r + 21. Let t(s) = 5*s**2 - 4*s + 11. Let a(y) = -4*b(y) + 7*t(y). Let k = -117 + 123. What are the prime factors of a(k)?
5
Let c(y) = -y**2 - 20*y - 6. Let k(q) = 4*q**2 + 59*q + 18. Let n(g) = 7*c(g) + 2*k(g). List the prime factors of n(23).
17
Let p(u) = 14*u - 22. Suppose 0 = -5*i + 142 - 107. What are the prime factors of p(i)?
2, 19
Let m(f) = -f**3 + 11*f**2 + 11*f + 17. Let k be m(12). Suppose r = k*w - w - 100, -4*r = -2*w + 64. Suppose 0 = -0*t + t - w. List the prime factors of t.
2, 3
Let p = -9 - 4. Let j = -14 - p. What are the prime factors of (-2)/(-6)*3 - j?
2
Let y(b) = b**3 - 3*b**2 - b - 2. Let x be y(2). Let o be (-15)/2*x/20. List the prime factors of (0 - -6)/(o/21).
2, 3, 7
Suppose z = -4*p + 10 + 1, -5*z + 11 = -2*p. Suppose p*f - 26 = 24. List the prime factors of f.
5
Suppose -3*n - 4*u = 13, -2*n = 2*n - 2*u - 12. Let f be (n - 1) + (-2 - -2). Suppose 4*d - 2*v - 80 = f, v - 3 = -3*d + 57. List the prime factors of d.
2, 5
Let i(v) = v**3 - 10*v**2 - 2*v + 14. Let x be i(10). Let m(d) = -d + 6. Let b be m(x). Let r = b - 3. List the prime factors of r.
3
Suppose 4*v + 1688 = -9*i + 11*i, 2*v = -5*i + 4160. List the prime factors of i.
2, 3, 139
Suppose 9 - 5 = 2*b. Let k(i) = -i**2 + 8*i + 15. Let y be k(7). Let n = y - b. List the prime factors of n.
2, 5
Suppose 0 = 3*g - 15, -9035 = -y - 2*y + 2*g. What are the prime factors of y?
3, 5, 67
Let i be (-322)/(-42) + (-1)/(-3). Suppose -6*z = 2*t - 3*z + i, -5*t - 4*z = 6. Suppose -169 = -2*m - m - 5*u, -t*m - 4*u = -112. List the prime factors of m.
2, 29
What are the prime factors of (140/60)/(282/279 - 1)?
7, 31
Let v be (-72)/(-24) - 8/((-2)/1). Let y(g) = 10*g + 17. List the prime factors of y(v).
3, 29
Let k = 526 + 347. List the prime factors of k.
3, 97
List the prime factors of ((-616)/16 - -6)*(0 + -2).
5, 13
Let t = 202 + 14. What are the prime factors of (t/(-10))/(1/((-105)/14))?
2, 3
Let o(w) = -7*w - 23. Suppose -53 = 4*u - 1. List the prime factors of o(u).
2, 17
Suppose -3*b = -4*b - 66. Let f = b - -94. List the prime factors of f.
2, 7
Suppose 4*t - 350 = -h - 2*h, t - 555 = -5*h. What are the prime factors of h?
2, 5, 11
Suppose -n = p - 1477, -8*p = -3*n - 4*p + 4410. List the prime factors of n.
2, 11, 67
Suppose 284 = t - 166. What are the prime factors of t?
2, 3, 5
Let h be (-2)/1 + 308 + 5 + 6. Suppose -h = -6*m + 451. List the prime factors of m.
2
Let x(t) = -t**3 - 8*t**2 - t - 8. Suppose 0 = 3*q + 40 - 16. Let d be x(q). Suppose 0 = -d*c + 2*c - 32. What are the prime factors of c?
2
Let q be (11 - 8) + (-4)/(-2). Let z(x) = 2*x**3 + 3*x**2 - x**3 - 2*x + 8*x - q*x + 2. What are the prime factors of z(-2)?
2
Suppose -r - 2*r = 222. Let g = r + 144. What are the prime factors of g?
2, 5, 7
Suppose h = 2133 + 3081. List the prime factors of h.
2,